{"id":633,"date":"2022-03-21T07:42:33","date_gmt":"2022-03-21T10:42:33","guid":{"rendered":"https:\/\/pasteldajapa.com.br\/?page_id=633"},"modified":"2024-01-28T16:54:23","modified_gmt":"2024-01-28T19:54:23","slug":"sobre-a-japa","status":"publish","type":"page","link":"https:\/\/pasteldajapa.com.br\/?page_id=633","title":{"rendered":"Sobre a Japa"},"content":{"rendered":"\n\n\t<h1>\n\t\t\t\t\tSobre a Japa\n\t\t\t\t<\/h1>\n\t<h6>\n\t\t\t\t\tToda Hist\u00f3ria tem um come\u00e7o\n\t\t\t\t<\/h6>\n\t<h3>\n\t\t\t\t\tNosso In\u00edcio\n\t\t\t\t<\/h3>\n\t<h5>\n\t\t\t\t\tA Japa n\u00e3o \u00e9 mais uma oriental com barraca de pastel de feira. Ela \u00e9 a personifica\u00e7\u00e3o da paix\u00e3o pela culin\u00e1ria.\n\t\t\t\t<\/h5>\n\t\t\t<p>Sua jornada come\u00e7ou de maneira humilde, nas agitadas feiras locais, onde seus pasteis e salgados ganharam os cora\u00e7\u00f5es daqueles que buscavam um sabor familiar com um toque especial. O apelido &#8220;Japa&#8221; n\u00e3o apenas homenageia suas ra\u00edzes japonesas, mas tamb\u00e9m reflete sua abordagem destemida e criativa para a cozinha.<\/p>\n<p>Certificada pela Le Cordon Blue, de maneira determinada, a sua busca cont\u00ednua de cada dia levar o melhor para os clientes criam sabores \u00fanicos que fazem muito sucesso.<\/p>\n\t\t\t\t<img decoding=\"async\" src=\"http:\/\/pasteldajapa.com.br\/wp-content\/uploads\/2023\/08\/japa-executiva-3.png\" alt=\"japa executiva\" itemprop=\"image\"\/>\n\t<h6>\n\t\t\t\t\tCrescimento e conquista\n\t\t\t\t<\/h6>\n\t<h3>\n\t\t\t\t\tNossa Expans\u00e3o\n\t\t\t\t<\/h3>\n\t<p>Desde a sua funda\u00e7\u00e3o, o Pastel da Japa tem vivenciado uma jornada emocionante de crescimento e expans\u00e3o.<\/p>\n<p>Nos \u00faltimos anos, expandimos de 1 cidade (Louveira), para x cidades (Louveira, Campinas, Valinhos, Vinhedo, Sumar\u00e9, Paul\u00ednia, Jarinu).<\/p>\n<p>Orgulhamo-nos de ter estendido nossa presen\u00e7a para todas essas diversas localidades, oferecendo sabores \u00fanicos e uma experi\u00eancia inesquec\u00edvel aos nossos clientes. Cada novo local \u00e9 um marco na nossa miss\u00e3o de levar a excel\u00eancia e o sabor inconfund\u00edvel dos nossos past\u00e9is a mais pessoas.<\/p>\n<p>Olhamos para o futuro com entusiasmo, planejando novas aberturas e inova\u00e7\u00f5es no nosso card\u00e1pio. Venha descobrir por que o Pastel da Japa \u00e9 uma refer\u00eancia em sabor e qualidade!<\/p>\n\t<h6>\n\t\t\t\t\tDiferencial na qualidade da Produ\u00e7\u00e3o local\n\t\t\t\t<\/h6>\n\t<h3>\n\t\t\t\t\tUnidade de Fabrica\u00e7\u00e3o em Campinas\n\t\t\t\t<\/h3>\n\t<p>Nossa Unidade de Fabrica\u00e7\u00e3o em Campinas \u00e9 o cora\u00e7\u00e3o da produ\u00e7\u00e3o do Pastel da Japa.<\/p>\n<p>Equipada com tecnologia de ponta e seguindo rigorosos padr\u00f5es de qualidade, garantimos past\u00e9is e salgados sempre frescos e deliciosos.<\/p>\n<p>Esta unidade simboliza nosso compromisso com a excel\u00eancia e inova\u00e7\u00e3o no sabor.<\/p>\n<p>Convidamos voc\u00ea a conhecer e saborear a diferen\u00e7a que a produ\u00e7\u00e3o local faz em cada mordida. Venha experimentar o verdadeiro sabor de Campinas em nossos past\u00e9is<\/p>\n\t<h6>\n\t\t\t\t\tSabor ao seu alcance\n\t\t\t\t<\/h6>\n\t<h3>\n\t\t\t\t\tBarracas e Pontos de Vendas\n\t\t\t\t<\/h3>\n\t<p>Descubra os sabores aut\u00eanticos do Pastel da Japa em nossas barracas e pontos de venda espalhados por diversas regi\u00f5es!<\/p>\n<p>Aqui, cada visita \u00e9 uma experi\u00eancia \u00fanica, oferecendo a oportunidade de saborear nossos famosos past\u00e9is feitos com ingredientes frescos e de qualidade.<\/p>\n<p>Localize o ponto mais pr\u00f3ximo e venha nos visitar para uma experi\u00eancia gastron\u00f4mica inesquec\u00edvel. Nossos pontos de venda s\u00e3o o destino perfeito para quem busca sabor e conveni\u00eancia!<\/p>\n\n","protected":false},"excerpt":{"rendered":"<p>Sobre a Japa Toda Hist\u00f3ria tem um come\u00e7o Nosso In\u00edcio A Japa n\u00e3o \u00e9 mais uma oriental com barraca de pastel de feira. Ela \u00e9 a personifica\u00e7\u00e3o da paix\u00e3o pela culin\u00e1ria. Sua jornada come\u00e7ou de maneira humilde, nas agitadas feiras locais, onde seus pasteis e salgados ganharam os cora\u00e7\u00f5es daqueles que buscavam um sabor familiar [&hellip;]<\/p>\n","protected":false},"author":2,"featured_media":0,"parent":0,"menu_order":0,"comment_status":"closed","ping_status":"closed","template":"","meta":{"site-sidebar-layout":"no-sidebar","site-content-layout":"page-builder","ast-site-content-layout":"full-width-container","site-content-style":"unboxed","site-sidebar-style":"unboxed","ast-global-header-display":"","ast-banner-title-visibility":"","ast-main-header-display":"","ast-hfb-above-header-display":"","ast-hfb-below-header-display":"","ast-hfb-mobile-header-display":"","site-post-title":"disabled","ast-breadcrumbs-content":"","ast-featured-img":"disabled","footer-sml-layout":"","theme-transparent-header-meta":"enabled","adv-header-id-meta":"","stick-header-meta":"","header-above-stick-meta":"","header-main-stick-meta":"","header-below-stick-meta":"","astra-migrate-meta-layouts":"set","ast-page-background-enabled":"default","ast-page-background-meta":{"desktop":{"background-color":"","background-image":"","background-repeat":"repeat","background-position":"center center","background-size":"auto","background-attachment":"scroll","background-type":"","background-media":"","overlay-type":"","overlay-color":"","overlay-gradient":""},"tablet":{"background-color":"","background-image":"","background-repeat":"repeat","background-position":"center center","background-size":"auto","background-attachment":"scroll","background-type":"","background-media":"","overlay-type":"","overlay-color":"","overlay-gradient":""},"mobile":{"background-color":"","background-image":"","background-repeat":"repeat","background-position":"center center","background-size":"auto","background-attachment":"scroll","background-type":"","background-media":"","overlay-type":"","overlay-color":"","overlay-gradient":""}},"ast-content-background-meta":{"desktop":{"background-color":"var(--ast-global-color-5)","background-image":"","background-repeat":"repeat","background-position":"center center","background-size":"auto","background-attachment":"scroll","background-type":"","background-media":"","overlay-type":"","overlay-color":"","overlay-gradient":""},"tablet":{"background-color":"var(--ast-global-color-5)","background-image":"","background-repeat":"repeat","background-position":"center center","background-size":"auto","background-attachment":"scroll","background-type":"","background-media":"","overlay-type":"","overlay-color":"","overlay-gradient":""},"mobile":{"background-color":"var(--ast-global-color-5)","background-image":"","background-repeat":"repeat","background-position":"center center","background-size":"auto","background-attachment":"scroll","background-type":"","background-media":"","overlay-type":"","overlay-color":"","overlay-gradient":""}},"footnotes":""},"class_list":["post-633","page","type-page","status-publish","hentry"],"yoast_head":"<!-- This site is optimized with the Yoast SEO plugin v21.9.1 - https:\/\/yoast.com\/wordpress\/plugins\/seo\/ -->\n<title>Sobre a Japa - Pastel da JAPA<\/title>\n<meta name=\"robots\" content=\"index, follow, max-snippet:-1, max-image-preview:large, max-video-preview:-1\" \/>\n<link rel=\"canonical\" href=\"https:\/\/pasteldajapa.com.br\/?page_id=633\" \/>\n<meta property=\"og:locale\" content=\"pt_BR\" \/>\n<meta property=\"og:type\" content=\"article\" \/>\n<meta property=\"og:title\" content=\"Sobre a Japa - Pastel da JAPA\" \/>\n<meta property=\"og:description\" content=\"Sobre a Japa Toda Hist\u00f3ria tem um come\u00e7o Nosso In\u00edcio A Japa n\u00e3o \u00e9 mais uma oriental com barraca de pastel de feira. Ela \u00e9 a personifica\u00e7\u00e3o da paix\u00e3o pela culin\u00e1ria. Sua jornada come\u00e7ou de maneira humilde, nas agitadas feiras locais, onde seus pasteis e salgados ganharam os cora\u00e7\u00f5es daqueles que buscavam um sabor familiar [&hellip;]\" \/>\n<meta property=\"og:url\" content=\"https:\/\/pasteldajapa.com.br\/?page_id=633\" \/>\n<meta property=\"og:site_name\" content=\"Pastel da JAPA\" \/>\n<meta property=\"article:modified_time\" content=\"2024-01-28T19:54:23+00:00\" \/>\n<meta property=\"og:image\" content=\"http:\/\/pasteldajapa.com.br\/wp-content\/uploads\/2023\/08\/japa-executiva-3.png\" \/>\n<meta name=\"twitter:card\" content=\"summary_large_image\" \/>\n<meta name=\"twitter:label1\" content=\"Est. tempo de leitura\" \/>\n\t<meta name=\"twitter:data1\" content=\"3 minutos\" \/>\n<script type=\"application\/ld+json\" class=\"yoast-schema-graph\">{\"@context\":\"https:\/\/schema.org\",\"@graph\":[{\"@type\":\"WebPage\",\"@id\":\"https:\/\/pasteldajapa.com.br\/?page_id=633\",\"url\":\"https:\/\/pasteldajapa.com.br\/?page_id=633\",\"name\":\"Sobre a Japa - Pastel da JAPA\",\"isPartOf\":{\"@id\":\"https:\/\/pasteldajapa.com.br\/#website\"},\"datePublished\":\"2022-03-21T10:42:33+00:00\",\"dateModified\":\"2024-01-28T19:54:23+00:00\",\"breadcrumb\":{\"@id\":\"https:\/\/pasteldajapa.com.br\/?page_id=633#breadcrumb\"},\"inLanguage\":\"pt-BR\",\"potentialAction\":[{\"@type\":\"ReadAction\",\"target\":[\"https:\/\/pasteldajapa.com.br\/?page_id=633\"]}]},{\"@type\":\"BreadcrumbList\",\"@id\":\"https:\/\/pasteldajapa.com.br\/?page_id=633#breadcrumb\",\"itemListElement\":[{\"@type\":\"ListItem\",\"position\":1,\"name\":\"In\u00edcio\",\"item\":\"https:\/\/pasteldajapa.com.br\/\"},{\"@type\":\"ListItem\",\"position\":2,\"name\":\"Sobre a Japa\"}]},{\"@type\":\"WebSite\",\"@id\":\"https:\/\/pasteldajapa.com.br\/#website\",\"url\":\"https:\/\/pasteldajapa.com.br\/\",\"name\":\"Pastel da JAPA\",\"description\":\"Pastel da JAPA\",\"publisher\":{\"@id\":\"https:\/\/pasteldajapa.com.br\/#organization\"},\"potentialAction\":[{\"@type\":\"SearchAction\",\"target\":{\"@type\":\"EntryPoint\",\"urlTemplate\":\"https:\/\/pasteldajapa.com.br\/?s={search_term_string}\"},\"query-input\":\"required name=search_term_string\"}],\"inLanguage\":\"pt-BR\"},{\"@type\":\"Organization\",\"@id\":\"https:\/\/pasteldajapa.com.br\/#organization\",\"name\":\"Pastel da JAPA\",\"url\":\"https:\/\/pasteldajapa.com.br\/\",\"logo\":{\"@type\":\"ImageObject\",\"inLanguage\":\"pt-BR\",\"@id\":\"https:\/\/pasteldajapa.com.br\/#\/schema\/logo\/image\/\",\"url\":\"https:\/\/pasteldajapa.com.br\/wp-content\/uploads\/2023\/07\/pastel-da-japa-pastelaria.png\",\"contentUrl\":\"https:\/\/pasteldajapa.com.br\/wp-content\/uploads\/2023\/07\/pastel-da-japa-pastelaria.png\",\"width\":610,\"height\":508,\"caption\":\"Pastel da JAPA\"},\"image\":{\"@id\":\"https:\/\/pasteldajapa.com.br\/#\/schema\/logo\/image\/\"}}]}<\/script>\n<!-- \/ Yoast SEO plugin. -->","yoast_head_json":{"title":"Sobre a Japa - Pastel da JAPA","robots":{"index":"index","follow":"follow","max-snippet":"max-snippet:-1","max-image-preview":"max-image-preview:large","max-video-preview":"max-video-preview:-1"},"canonical":"https:\/\/pasteldajapa.com.br\/?page_id=633","og_locale":"pt_BR","og_type":"article","og_title":"Sobre a Japa - Pastel da JAPA","og_description":"Sobre a Japa Toda Hist\u00f3ria tem um come\u00e7o Nosso In\u00edcio A Japa n\u00e3o \u00e9 mais uma oriental com barraca de pastel de feira. Ela \u00e9 a personifica\u00e7\u00e3o da paix\u00e3o pela culin\u00e1ria. Sua jornada come\u00e7ou de maneira humilde, nas agitadas feiras locais, onde seus pasteis e salgados ganharam os cora\u00e7\u00f5es daqueles que buscavam um sabor familiar [&hellip;]","og_url":"https:\/\/pasteldajapa.com.br\/?page_id=633","og_site_name":"Pastel da JAPA","article_modified_time":"2024-01-28T19:54:23+00:00","og_image":[{"url":"http:\/\/pasteldajapa.com.br\/wp-content\/uploads\/2023\/08\/japa-executiva-3.png"}],"twitter_card":"summary_large_image","twitter_misc":{"Est. tempo de leitura":"3 minutos"},"schema":{"@context":"https:\/\/schema.org","@graph":[{"@type":"WebPage","@id":"https:\/\/pasteldajapa.com.br\/?page_id=633","url":"https:\/\/pasteldajapa.com.br\/?page_id=633","name":"Sobre a Japa - Pastel da JAPA","isPartOf":{"@id":"https:\/\/pasteldajapa.com.br\/#website"},"datePublished":"2022-03-21T10:42:33+00:00","dateModified":"2024-01-28T19:54:23+00:00","breadcrumb":{"@id":"https:\/\/pasteldajapa.com.br\/?page_id=633#breadcrumb"},"inLanguage":"pt-BR","potentialAction":[{"@type":"ReadAction","target":["https:\/\/pasteldajapa.com.br\/?page_id=633"]}]},{"@type":"BreadcrumbList","@id":"https:\/\/pasteldajapa.com.br\/?page_id=633#breadcrumb","itemListElement":[{"@type":"ListItem","position":1,"name":"In\u00edcio","item":"https:\/\/pasteldajapa.com.br\/"},{"@type":"ListItem","position":2,"name":"Sobre a Japa"}]},{"@type":"WebSite","@id":"https:\/\/pasteldajapa.com.br\/#website","url":"https:\/\/pasteldajapa.com.br\/","name":"Pastel da JAPA","description":"Pastel da JAPA","publisher":{"@id":"https:\/\/pasteldajapa.com.br\/#organization"},"potentialAction":[{"@type":"SearchAction","target":{"@type":"EntryPoint","urlTemplate":"https:\/\/pasteldajapa.com.br\/?s={search_term_string}"},"query-input":"required name=search_term_string"}],"inLanguage":"pt-BR"},{"@type":"Organization","@id":"https:\/\/pasteldajapa.com.br\/#organization","name":"Pastel da JAPA","url":"https:\/\/pasteldajapa.com.br\/","logo":{"@type":"ImageObject","inLanguage":"pt-BR","@id":"https:\/\/pasteldajapa.com.br\/#\/schema\/logo\/image\/","url":"https:\/\/pasteldajapa.com.br\/wp-content\/uploads\/2023\/07\/pastel-da-japa-pastelaria.png","contentUrl":"https:\/\/pasteldajapa.com.br\/wp-content\/uploads\/2023\/07\/pastel-da-japa-pastelaria.png","width":610,"height":508,"caption":"Pastel da JAPA"},"image":{"@id":"https:\/\/pasteldajapa.com.br\/#\/schema\/logo\/image\/"}}]}},"_links":{"self":[{"href":"https:\/\/pasteldajapa.com.br\/index.php?rest_route=\/wp\/v2\/pages\/633","targetHints":{"allow":["GET"]}}],"collection":[{"href":"https:\/\/pasteldajapa.com.br\/index.php?rest_route=\/wp\/v2\/pages"}],"about":[{"href":"https:\/\/pasteldajapa.com.br\/index.php?rest_route=\/wp\/v2\/types\/page"}],"author":[{"embeddable":true,"href":"https:\/\/pasteldajapa.com.br\/index.php?rest_route=\/wp\/v2\/users\/2"}],"replies":[{"embeddable":true,"href":"https:\/\/pasteldajapa.com.br\/index.php?rest_route=%2Fwp%2Fv2%2Fcomments&post=633"}],"version-history":[{"count":11,"href":"https:\/\/pasteldajapa.com.br\/index.php?rest_route=\/wp\/v2\/pages\/633\/revisions"}],"predecessor-version":[{"id":1027,"href":"https:\/\/pasteldajapa.com.br\/index.php?rest_route=\/wp\/v2\/pages\/633\/revisions\/1027"}],"wp:attachment":[{"href":"https:\/\/pasteldajapa.com.br\/index.php?rest_route=%2Fwp%2Fv2%2Fmedia&parent=633"}],"curies":[{"name":"wp","href":"https:\/\/api.w.org\/{rel}","templated":true}]}}